 + 5*l. Suppose 4*h = 4*o - 140, 5*h - h = -l*o + 211. What is the remainder when o is divided by 8?
7
Suppose -8 = -2*b - 0*b. Suppose b*k = k - y + 19, 3*y + 7 = -k. Let g = -49 + 53. Calculate the remainder when k is divided by g.
0
Let t(b) = -28*b - 50. Let p be t(-16). Suppose 2*j + 2*i - p = -0*j, 0 = -j + 2*i + 196. Calculate the remainder when j is divided by 50.
48
What is the remainder when 398/8 - ((-184)/(-32) - 5) is divided by 13?
10
Let v be ((-1)/(-3))/((-4)/(-192)). Let z = v - 12. Suppose 4*k + 4*r - 52 = 0, 0*k + 4*k - 51 = -3*r. Calculate the remainder when k is divided by z.
0
Let o be (-2)/(-3) + 404/6. Suppose 0 = 7*z - 5*z - o. Calculate the remainder when z is divided by 19.
15
Calculate the remainder when (-92 - -9)/(2 + -3) is divided by 15.
8
Let u = 220 + -148. Suppose 2*w + u = n, w - 3*w + 68 = n. Calculate the remainder when n is divided by (-7)/(7/6)*-3.
16
Let k(x) = -9*x - 4*x + 6*x - 13 + 5*x. Calculate the remainder when 11 is divided by k(-8).
2
Let a = -114 + 153. What is the remainder when a is divided by 20?
19
Let b = -760 + 776. Calculate the remainder when 2157 is divided by b.
13
What is the remainder when 195 is divided by ((-4)/12)/(8/(-648)) - 5?
19
Suppose 95 = 14*t - 171. Calculate the remainder when 167 is divided by t.
15
What is the remainder when ((-107)/(-5))/(5/100*4) is divided by 22?
19
Suppose -19 = -2*u - 1. Let n be -2 + 5 - (2 - 3). Suppose -3*m - n*s = 4, -5*s + 0 = 20. Calculate the remainder when u is divided by m.
1
Let x = -799 + 1209. Suppose 16*o + 90 - x = 0. What is the remainder when 75 is divided by o?
15
Suppose s - 6 = 21. Let o = -129 - -134. Suppose 630 = o*r + r. What is the remainder when r is divided by s?
24
Calculate the remainder when 118*(9/14 + (-7)/49) is divided by 17.
8
What is the remainder when (55/(-5))/((-5)/125) is divided by 77?
44
Let i(x) = 2*x + 9. Let w be i(-7). Let t(v) = -v**3 - 5*v**2 - 2*v - 3. Suppose -18 + 44 = 2*z. Calculate the remainder when z is divided by t(w).
6
Let a(f) = 8*f - 31. Let o(t) = -4*t + 26. Let q be o(5). What is the remainder when a(q) is divided by 10?
7
Suppose 97*j = 95*j + 50. Calculate the remainder when 297 is divided by j.
22
Let p = 244 - 184. What is the remainder when 1078 is divided by p?
58
Let g = 124 + -69. Let y = -36 + g. Calculate the remainder when y is divided by 5.
4
Let b be -3 - (-1)/(2/12). Suppose -3*w + 3*y = 3, -2*w + 5 - b = 2*y. Suppose 6*t + 34 - 436 = w. Calculate the remainder when t is divided by 35.
32
Let z be -2*(-1)/1 + 0. Suppose -6*d = -z*d - 40. Calculate the remainder when (0 - 19)*((-50)/(-20))/(50/(-20)) is divided by d.
9
Suppose 22*y - 377 = 173. Calculate the remainder when 89 is divided by y.
14
Let y = 16 + -27. Let i = -4 - y. Let g = 123 - 83. Calculate the remainder when g is divided by i.
5
Suppose 2*t + 31 = 127. Calculate the remainder when t is divided by 33.
15
Suppose l - w = 1, 5*l - 7 - 16 = -w. Suppose l*s - 132 = s. Calculate the remainder when 87 is divided by s.
43
What is the remainder when 206 is divided by (-4)/42 + (-510)/(-63)?
6
Suppose 5*r = -3*r + 80. Suppose 2*q - r = 48. What is the remainder when q is divided by 4?
1
Let g(v) = -4*v + 14. Let k be g(5). What is the remainder when (4/k)/((-1078)/1074 + 1) is divided by 45?
44
Suppose -7*i - 5 + 19 = 0. Suppose -4*m - i*z = -112, -5*m = -3*z - 19 - 121. Calculate the remainder when m is divided by 17.
11
Let r = -296 + 302. What is the remainder when 9 is divided by r?
3
Let o(w) be the second derivative of 5/3*w**3 + 7*w + 1/2*w**2 + 0. What is the remainder when o(3) is divided by 17?
14
Let t = 1197 - 1186. Suppose 3*i + 3 = 12. What is the remainder when t is divided by i?
2
Let g(a) = -a**3 - 11*a**2 + 10*a + 30. Let o be g(-12). Suppose 5*f - 3*n = o, 0 = 4*f - 5*f - n + 6. Calculate the remainder when f is divided by 6.
3
Let w = 127 + -120. What is the remainder when 25 is divided by w?
4
Suppose -25 = 17*y - 399. Calculate the remainder when 43 is divided by y.
21
Let l = 11 + 38. Calculate the remainder when 55 is divided by l/3 - 16/12.
10
Suppose 9*j - 199 = 2186. What is the remainder when j is divided by 30?
25
Let y(s) = -4*s**2 - 4*s**3 + 3*s**3 - 13 + 2*s + 12. Let r be y(-5). Suppose 17 = -r*i + 15*i. What is the remainder when 82 is divided by i?
14
Let f(h) be the first derivative of 5*h**2/2 - 46*h + 28. Calculate the remainder when 58 is divided by f(11).
4
Suppose -4*o = -66 - 26. Suppose 0 = -10*k + 9*k - 48. Let c = k - -115. Calculate the remainder when c is divided by o.
21
Let s(f) = -2*f + 18. Suppose 0*g = 4*g - 4*x - 36, -4*g + 2*x + 38 = 0. Let l be s(g). Let q = 17 + l. What is the remainder when q is divided by 4?
3
Suppose -1116 = 754*r - 763*r. What is the remainder when r is divided by 17?
5
Suppose 10 - 2 = r. Suppose 0 = -2*y + r + 4. What is the remainder when 10 is divided by y?
4
Let h be ((-4)/(-8))/((-5)/(-270)). Let j = -25 + h. What is the remainder when 14 is divided by (-4 + 0)/(j/(-4))?
6
Let c = 75 - 40. Suppose -3*a - 3 = 0, 0*d + 5*a = 2*d - c. Calculate the remainder when d is divided by 8.
7
Suppose 0 = r - 4*k + 7, 3*r + k - 47 = -4*k. Suppose 50 = r*n - 7*n. Calculate the remainder when 48 is divided by n.
23
Let h be (7 - 9) + 12/3. Calculate the remainder when 78 is divided by ((-3)/(-9))/(h/30) - -3.
6
Let l be 6 + (-44)/8 - 2/4. Suppose -3*n + 177 = -3*a, l*n - 3*n + 147 = 3*a. What is the remainder when n is divided by 21?
12
Let r be 1*(-2 - -4)*20. Let f = 55 - r. What is the remainder when 87 is divided by f?
12
Let p = -22 + 25. Suppose -l + 44 = p*l. Calculate the remainder when 64 is divided by l.
9
Let k = 4 - 7. Let w = 0 - k. Suppose -4*h + 37 = 1. Calculate the remainder when h is divided by w.
0
Let m = -3285 - -3304. Let c = 0 + 11. Calculate the remainder when m is divided by c.
8
Suppose 3*i - i = 22. Calculate the remainder when 2*-159*(-1)/6 is divided by i.
9
Suppose 3*x = x - 4*u - 54, 0 = -3*u - 3. Let y = x - -27. What is the remainder when y is divided by 1?
0
Suppose 0 = 3*c - 6*c + 63. Suppose 2*j - 296 = -50. Calculate the remainder when j is divided by c.
18
Let j(g) = -89*g - 813. What is the remainder when j(-10) is divided by 27?
23
Let p(r) = r**3 - 16*r**2 - 16*r + 6. Let j be p(17). Suppose 4*b - j = 121. Calculate the remainder when b is divided by 13.
10
Let w(y) = 2*y**2 - 4*y + 2. Let f = -48 - -51. Calculate the remainder when 22/(1/(2 - 1)) is divided by w(f).
6
Suppose -4*w - 3*w - 126 = 0. What is the remainder when (-2488)/w - (1 - 7/9) is divided by 35?
33
Suppose -5*j + 464 = 3*g, 3*g - 281 = -2*j + 189. Calculate the remainder when g is divided by 80.
78
What is the remainder when (-91 - -1)/(-12 + 105/10) is divided by 28?
4
Suppose -15 = -3*a - 0*a. Let f(d) = -d + 1. Let n be f(a). What is the remainder when 12 is divided by (-6 + n)*2/(-4)?
2
Let l(w) = 2*w**3 + 119*w**2 - 60*w + 8. Calculate the remainder when 99 is divided by l(-60).
3
Suppose -4*x + 5*x - 4 = 0. Suppose 2*k = 2*l + 39 + 21, -x*k + 88 = 4*l. What is the remainder when 71 is divided by k?
19
Suppose x - 4*x + 372 = l, 5*x + 2*l = 619. Calculate the remainder when x is divided by 14.
13
Let y(a) = -a**2 - 15 + 10*a - 9*a + 9*a. Suppose -5*n + 5*l = -20, 0 = -4*n - 3*l + 6 + 3. What is the remainder when y(7) is divided by n?
0
Suppose -457 = 13*g - 1939. What is the remainder when g is divided by 4?
2
Suppose -25 = -4*a + 3. Let j = 4 + 0. Suppose j*v - v = 72. Calculate the remainder when v is divided by a.
3
Suppose 3041 = 35*l + 416. What is the remainder when l is divided by 24?
3
Let t = -58 + 70. Suppose -24 = -2*v - m, 2*v = m + t + 16. What is the remainder when v is divided by 6?
1
Let p(o) = -3*o + 4. Let u = -223 - -333. What is the remainder when u is divided by p(-8)?
26
Suppose -742*q + 752*q - 8470 = 0. Calculate the remainder when q is divided by 53.
52
Suppose -36*z + 37*z - 5 = 0. Suppose 12*t - 11*t - z = 0. Calculate the remainder when 9 is divided by t.
4
Let b = 351 - 340. What is the remainder when 26 is divided by b?
4
Suppose u - 63 = 3*i, -2*i + 5*u - 115 = 3*i. Let p = i + 49. Calculate the remainder when p is divided by 8.
5
Suppose -8*o + 182 = 14. Calculate the remainder when 167 is divided b